)/(-4) - 63/(-4). Calculate the greatest common factor of f and q.
4
Suppose -2*q - 13 = -97. Suppose -c = -q - 38. Calculate the greatest common factor of 10 and c.
10
Suppose -2*q = -5*t + 365, 5*t - 19 = -4*q + 376. Calculate the highest common factor of t and 60.
15
Suppose -13*y + 96 = -10*y. Let c be 96 - 96 - (-15 - 1). What is the greatest common divisor of c and y?
16
Let b be (-205)/(-25) + (-28)/(-35). What is the greatest common divisor of 468 and b?
9
Let d(q) = -q**3 - 19*q**2 - 80*q + 26. Let p be d(-13). Calculate the greatest common divisor of p and 260.
52
Let t = -21 - -26. Suppose t*z - 2*q = 194, -4*z = -3*z - 3*q - 31. Let a = -9 - -29. What is the highest common factor of z and a?
20
Let o = -4 + 6. Suppose -3*i - 4*w + o = 0, 2*w - 4*w = -2*i + 20. Suppose i*u - u = 10. Calculate the highest common divisor of u and 2.
2
Let c(d) = 4*d - 1. Let v be c(3). Let a(i) = i**2 - 11*i + 3. Let w be a(v). Suppose -w = 5*h - 8. Calculate the highest common divisor of 3 and h.
1
Let d(u) = -u**2 - 23*u - 91. Let r be d(-13). Calculate the greatest common divisor of r and 169.
13
Let o(p) = p**3 - 19*p**2 - 17*p - 21. Let g be o(20). What is the highest common factor of g and 13?
13
Suppose w - 198 = -w. Let p be 4/((-8)/(-2))*33. Suppose -1 = 4*c - 21, -2*z - 3*c = -p. Calculate the highest common factor of w and z.
9
Let u be (2 + -11)/(36/(-96)). Let o(c) = -2*c**2 + 13*c + 2. Let i be o(6). What is the highest common divisor of i and u?
8
Let g be 69 + (0/3)/(-5). Let x(s) = -s**2 - 13*s + 4. Let n be x(-7). Calculate the greatest common factor of g and n.
23
Let s be ((-237)/21)/((-174)/42 - -4). What is the greatest common divisor of s and 1?
1
Suppose 2*b = -5*r + 5*b + 2, r - 5 = -4*b. Let t be -101 - r*(-6 + 3). Let m = -70 - t. Calculate the greatest common divisor of m and 4.
4
Let n be 30/9*36/(-30). Let r be (-194)/n + 45/30. Let h = 25 + -15. Calculate the greatest common factor of r and h.
10
Let x = -14 - -5. Let h be (-1*1)/(x/(-99)). Let y be (-1756)/(-22) + (-2)/h. What is the greatest common factor of 10 and y?
10
Let n(h) = 19*h - 13. Let s be n(11). Calculate the highest common factor of s and 14.
14
Suppose j + 37 = 37. Suppose 15*s - 600 = -j*s. What is the highest common divisor of 8 and s?
8
Let b = 13 - 8. Let r be (-4)/4*5/(-1). Suppose o - 104 = -4*m, -5*m + 3*o - r*o = -133. What is the highest common factor of b and m?
5
Let f(j) = -3*j + 175. Let a be f(54). What is the greatest common divisor of 1157 and a?
13
Let p = -47 - -39. Let r be (p - -12)/(((-2)/(-1))/48). Calculate the highest common divisor of 48 and r.
48
Suppose r - t = 17, -r - 38 + 35 = 3*t. Suppose j - 9 = -4*w + 11, 5*j = 3*w + 31. Calculate the highest common divisor of j and r.
4
Let f(c) be the first derivative of c**3/3 + 3*c**2/2 - 4*c - 2. Suppose 0 = -2*y + y - 5. Let v be f(y). Calculate the highest common factor of v and 2.
2
Let l = -49 + 58. Let f = 7 + l. Calculate the highest common factor of 40 and f.
8
Let f(i) = 12*i - 10. Let q be f(4). Suppose 7*w = q - 17. Suppose -72 = -4*p + 36. What is the greatest common factor of w and p?
3
Let q be -501*(-7)/(-231) - (-4)/22. Let y = q - -28. What is the greatest common divisor of y and 1?
1
Suppose 4*l - l + 5*q - 77 = 0, 116 = 5*l - 4*q. Let c = -130 + 110. Let b be -2 + -1 - (c - -9). What is the highest common factor of l and b?
8
Let d(q) = -7*q - 17. Let j be d(-4). Suppose -5*f + 475 + 130 = 0. What is the highest common divisor of j and f?
11
Let t = -35 + 71. What is the greatest common divisor of 96 and t?
12
Suppose 5*u = -3*y + 1988, 4*y + 3*u - 2679 = 2*u. Calculate the highest common factor of y and 55.
11
Suppose 0 = 4*m + 2*r - 390, 120 = 3*m + 5*r - 183. What is the highest common divisor of m and 16?
16
Suppose 4 = x + 2. Suppose 2*k = -x*k + 168. What is the greatest common divisor of k and 21?
21
Suppose 0*b + 25 = 5*g + b, 26 = g - 4*b. Suppose -4*t = 2*p - 48, p = -3*t - t + 48. What is the highest common factor of t and g?
6
Let b be ((-6)/(-10) - (-135)/25)*6. Calculate the greatest common divisor of b and 28.
4
Let v(u) = u**3 + 6*u**2 + 3*u - 10. Let j be v(-5). Suppose 0 = 5*n - j*n - 750. Suppose 7*m - n = 2*m. What is the greatest common factor of m and 30?
30
Let s be (-1)/((-10)/(-600))*(-12)/15. What is the greatest common factor of 400 and s?
16
Let v be 3 + 1 - 112/16. Let s be 4 + (-4 - 0) - v. Suppose 0 = -2*z + 3*d + 17, -3*z + s*d - 13 = -37. Calculate the greatest common divisor of z and 42.
7
Suppose 4*r - 1524 = 1612. Suppose -5*d = -d - r. Suppose -2*g + 83 = 27. What is the highest common factor of g and d?
28
Let l = -20 - -22. Suppose l*y + d - 55 - 92 = 0, 2*y = -5*d + 127. What is the greatest common factor of 19 and y?
19
Let r = -68 + 77. Calculate the highest common factor of 36 and r.
9
Suppose 157 = 2*b - 10*j + 5*j, 4*j = 2*b - 158. Let s be 28/3 - (-2)/(-6). Calculate the highest common factor of s and b.
9
Let d = -13 - -18. Let u be (-896)/(-28) - d/1. What is the highest common divisor of u and 216?
27
Let c be ((-15)/(-6))/((-1)/(-2)). Suppose -39 = -4*i - c*p, -2*i - 3*p = -2*p - 21. Calculate the highest common factor of i and 33.
11
Let v be (-28)/(-3) - (-6)/9. Let m(z) = -z**2 + 4*z + 75. Let x be m(9). Calculate the greatest common factor of v and x.
10
Let k(l) be the second derivative of l**5/10 + 11*l**4/12 + l**3/3 + 17*l**2/2 + l + 5. Let v be k(-5). Calculate the highest common factor of v and 48.
16
Let v(j) = j + 3. Let z be v(5). Suppose -z*q + 4*q + 136 = 0. What is the highest common factor of 17 and q?
17
Let q be 2*8*26/4. Let y = -22 - -35. Suppose y*n + 52 = 17*n. What is the greatest common factor of n and q?
13
Let t = -1804 - -3253. Calculate the greatest common divisor of t and 7.
7
Suppose 45*v - 10692 = -54*v. Calculate the greatest common factor of 44 and v.
4
Let p = 127 - 247. Let j = p + 208. What is the highest common factor of j and 22?
22
Let f(i) = -6*i**3 + 2*i**2 - i - 6. Let r be f(-2). What is the greatest common factor of 182 and r?
26
Let u be (-88)/(-1) - (5 - 7). Suppose -d + 0*d = -5, d - 218 = -3*s. Let n be s/4 - 1/(-4). What is the greatest common factor of n and u?
18
Let d(q) = 9*q**2 - 2*q + 8. Let l be d(0). Suppose 149 + 167 = 5*h + 4*v, -5*v = -h + 69. Calculate the highest common factor of h and l.
8
Let d be (-5 + 1)*(-4)/8. Let s be 369/(-9) - (4 - d). Let o = 61 + s. What is the greatest common factor of 6 and o?
6
Suppose -22*j = -10*j - 120. What is the highest common factor of 65 and j?
5
Let k(h) = h**2 + 10*h + 31. Let v be k(-13). Suppose -4*i + v = 26. Calculate the greatest common divisor of i and 44.
11
Let j be (-2 - 1)/((-3526)/704 - -5). Calculate the highest common factor of 440 and j.
88
Let a be ((-12)/(-10))/((-2)/(-50)). Let p(f) = f**2 - 6*f + 3. Let i be p(6). Suppose 0 = 2*h - i*h + 20. What is the highest common factor of h and a?
10
Let v(t) = -t**3 + 7*t**2 + 6*t + 2. Suppose 2*k - 27 = -5*c, -4*c - 4*k + 20 = 8. Let i be v(c). What is the highest common divisor of i and 11?
11
Let x(r) = r - 11. Let t be x(10). Let n(g) = 10*g**3 + g**2 - g - 1. Let w be n(t). Let u be 3772/36 + (-2)/w. Calculate the highest common factor of u and 21.
21
Let v be (19/190 - 78/(-20)) + 2. What is the highest common factor of v and 66?
6
Suppose -85*w + 2112 = -37*w. Calculate the highest common divisor of 6 and w.
2
Suppose 0*l - 4 = -l. Let t(z) = 17*z - 41. Let s be t(l). Suppose -b + 3 = -0. Calculate the greatest common factor of b and s.
3
Let a be -1*(2 + 3/(-1)). Suppose -77*l - 247 = -90*l. What is the greatest common factor of l and a?
1
Let p = 482 - 424. What is the greatest common divisor of 2378 and p?
58
Suppose o + 4*k = 252, 0*o = -2*o + 5*k + 465. Suppose -9*y + o = -y. What is the highest common divisor of y and 180?
30
Let w = -225 + 235. Calculate the greatest common factor of 2 and w.
2
Let h(g) = 12*g - 112. Let l be h(10). Calculate the highest common factor of l and 368.
8
Let g(k) = k**3 + 10*k**2 + 12*k + 10. Let i be g(-8). Let q(b) = -b**3 + 13*b**2 + 20*b. Let f be q(14). Calculate the greatest common factor of i and f.
42
Let g(i) = 14*i - 233. Let x be g(19). Calculate the greatest common factor of 6 and x.
3
Let y = 111